2 + -5 + 37. Calculate the greatest common divisor of z and t.
11
Let r be ((-72)/(-48))/((-2)/(-4)). Suppose -r*x - 2*i = -4*x + 26, -2*x = -3*i - 47. What is the highest common divisor of x and 16?
16
Let p(s) = 4009*s + 4452. Let x be p(5). What is the highest common factor of 17 and x?
17
Suppose -5*i + 3*k + 3 + 19 = 0, -3*k + 3 = 0. Suppose 4*b + 0*b - 3*j - 208 = 0, i*b - 4*j - 260 = 0. Calculate the highest common factor of b and 91.
13
Let a be (-2)/((33/(-44))/(75/20)). What is the greatest common factor of a and 26470?
10
Let x be (36/(-45))/((0 + -4)/20). Suppose -4*i + n + 3094 - 427 = 0, -x*n = 4*i - 2672. Calculate the highest common divisor of 29 and i.
29
Let o(u) = 4*u**2 - 9*u - 1. Suppose 12 = 54*v - 60*v. Let s be o(v). Calculate the greatest common divisor of s and 22.
11
Let b = 32282 + -30531. Calculate the greatest common factor of b and 2781.
103
Let d(l) = 2*l - 24. Let t be d(12). Suppose 7*x - 2*x - 3*m + 284 = 0, -2*x + 5*m - 106 = t. Let h = -52 - x. Calculate the highest common divisor of 78 and h.
6
Let j(s) = 4*s**3. Let m be j(1). Suppose 164 = -5*r + w + 2*w, 38 = -r - 2*w. Let y be (r + 20)/((-1)/2). What is the highest common divisor of y and m?
4
Let o be (-2)/(-23) - (-138672)/4968. Calculate the greatest common divisor of 700 and o.
28
Let o(h) = 10*h**2 + 9*h - 1. Let p be o(1). Suppose q = 4*z - 4*q + 21, 2*z - 4*q = -p. Calculate the greatest common divisor of z and 5.
1
Let f be (925/10)/(-37) + (-218)/(-4). Calculate the highest common factor of 20 and f.
4
Let r be (-4 + (3 - 1))/(3 - 1). Let a be (-12 - -10)/(r*(-2)/(-4)). Suppose 246 = a*l - 2. What is the highest common divisor of 93 and l?
31
Let m = 20 + 10. Let h = -10578 + 10598. What is the greatest common divisor of h and m?
10
Suppose 3899 + 11941 = 48*b. Calculate the greatest common divisor of b and 150.
30
Let u = 1472 + -172. What is the greatest common factor of 78 and u?
26
Let y(f) = -f**2 - 12*f - 2. Let q be y(-8). Suppose 0 = -5*p + 7*p + d - 19, -17 = -2*p - 3*d. What is the highest common factor of p and q?
10
Let p be (-2)/(-14) - (-1256)/28. Suppose 4*i + 11 = 3, p = x - i. What is the greatest common divisor of 387 and x?
43
Suppose -2*i + 445*o - 440*o + 1004 = 0, 5*o + 492 = i. Calculate the highest common divisor of i and 424.
8
Let w be 4/6 - 1/(39/(-22204)). Let s = -564 + w. Calculate the highest common factor of 354 and s.
6
Let a be -3 - (-8 + 4 + -1097 + 0/(-1)). What is the highest common factor of 9 and a?
9
